1. Suppose 0 = s*p - x + 2. Determine a(p).
-4
Suppose -6 = 2*o, 2*f - 2*o = -3*o - 15. Let q(t) = -1 - 2*t - t**3 - 2 + 7*t - 5*t**2. What is q(f)?
3
Let d(c) = -c**3 + 2 - 4 + 0*c**3 - 3*c**2 - 2*c + 4*c. Suppose 0 = 3*w - 3*y - 9, -6 = 2*w - 5*w + 4*y. Let l = -10 + w. Calculate d(l).
6
Let t(n) = n**3 - 5*n**2 + 2*n - 4. Let p = 2 + -4. Let q be p*((-25)/2)/5. What is t(q)?
6
Let o(t) = t**3 - 5*t**2 - 7*t + 1. Let i = 7 - 12. Let j be (6/(-5))/(1/i). Let m be o(j). Let h(y) = -y**3 - 6*y**2 - 5*y - 6. What is h(m)?
-6
Suppose 2*a - 5*n = -0*n - 24, 10 = 3*a + 4*n. Let m(l) = 3*l**3 + 3*l**2 + 3*l + 2. Calculate m(a).
-16
Let g(o) = o**2 - 5*o - 4. Let a(h) = h**2 - 6*h - 4. Let v(j) = -5*a(j) + 6*g(j). Let y be -2 - (-2)/1 - -2. Suppose 0 - 6 = y*d. What is v(d)?
5
Suppose -5*d = 37 + 43. Let y(z) = -5*z + 5. Let a(l) = -26*l + 26. Let j(u) = d*y(u) + 3*a(u). Calculate j(-2).
-6
Suppose 3*x - 1 = -2*h + 1, 0 = 2*x + 4. Suppose 0 = 2*l - h*s, l - 5*l - 3*s + 11 = 0. Let t(m) = m**2. Give t(l).
4
Suppose -3*t + 2*s - 21 = 0, -4*t - 16 = -2*t - 2*s. Let m(x) = -x**2 - 4*x + 4. Let o be m(t). Let n(f) = -4*f**3 + 1. Calculate n(o).
5
Let v(y) = 3*y - 4. Let o(c) = -6*c + 9. Let m(g) = 3*o(g) + 7*v(g). Determine m(5).
14
Suppose 3*r = -3*f + 2*r + 4, 2*r - 7 = -5*f. Let b(v) = 13*v - 1. Calculate b(f).
12
Let r(s) = s**2 + 11*s + 24. Let t be r(-7). Let f(j) = 4*j**2 + j**3 - 4*j + 5 - j**2 - 6. Calculate f(t).
-1
Let p(m) = 3*m**2 - 8*m - 3. Let j(f) = -4*f**2 + 9*f + 4. Let q(k) = 4*j(k) + 5*p(k). Suppose -3*u + 3 - 24 = -3*b, 5*u = 3*b - 33. Give q(u).
-11
Let j(g) be the third derivative of g**4/24 - g**2. Let o = -4 - -7. Suppose -c = o*c - 8. What is j(c)?
2
Let r(a) = a**3 + 5*a**2 + a - 5. Suppose -4*l - 2*h + 7*h + 13 = 0, 0 = 3*l + 4*h - 2. Let j = 17 - 14. Let g be ((-4)/j)/(l/6). What is r(g)?
7
Suppose 5*j = 25, 0 = -5*i + i - 3*j + 27. Let g(q) = q - 4. Calculate g(i).
-1
Let p(k) = -k**2 - 4*k + 1. Suppose 5*m + 16 + 4 = 0. What is p(m)?
1
Let p(n) be the third derivative of -n**4/24 - n**3/2 - 7*n**2. What is p(0)?
-3
Let f(u) = 6*u**3 - 2*u**2 + 8*u + 2. Let g(a) = -5*a**3 + a**2 - 7*a - 2. Let t(j) = 4*f(j) + 5*g(j). Determine t(-2).
0
Let q(j) = 5*j**2 - 13*j + 2. Let h(g) = -14*g**2 + 37*g - 6. Let b(l) = -6*h(l) - 17*q(l). Give b(-4).
-10
Let y(d) = 6*d**3 - d**2 + d - 1. Suppose 5*a - 3 = 4*a. Suppose 4*n - a - 1 = 0. What is y(n)?
5
Let z(d) be the third derivative of d**5/60 - 7*d**4/24 + 2*d**3/3 - 5*d**2. Determine z(7).
4
Let x(v) = -v**2 + 3. Suppose 3*t - 25 = -4*c, 0 = -c + 4*t - 8. Determine x(c).
-13
Let n(s) = -s + 9. Let p be n(5). Let j = p - -1. Let h(x) = -x - 4. Give h(j).
-9
Suppose -4*t + 6 = -2*t. Let p(j) = -t*j**2 + 2*j**2 + 3 - 6. Suppose -4*z = -3*o + 4, -o - 5 = -0*o + 5*z. What is p(o)?
-3
Suppose -3*l + 0*l = -18. Let x = 0 + 2. Suppose -2 - x = t + j, 0 = -t + j + l. Let g(y) = -2*y. Give g(t).
-2
Suppose v - 2 - 4 = 0. Let f(y) = 5*y + 0*y - v*y - 2. Let a = 17 + -12. Calculate f(a).
-7
Let y(k) = k**3 - k**2 - k. Let i(t) = -2*t**3 + t**2 + t. Let v(c) = 6*i(c) + 7*y(c). Give v(-1).
5
Let u(s) = 11 + 11*s - 4 - 14*s - 3. Suppose 4*n = j + 16, 2*j = -2*n + 5*j + 8. What is u(n)?
-8
Let h(y) = -y**3 + 3*y**2 + y. Let q(f) = f**3 + 4*f**2 + f - 3. Let m be q(-3). Suppose 3*k + m*s = -6, 1 = -5*k + 2*k - 2*s. Determine h(k).
3
Let v be 1*(6/3 + 0). Let y(i) = -i**3 - 6 - 9*i**v + 9*i**2 - i. Suppose 0 = 3*g - 2*g. Calculate y(g).
-6
Let p = 2 - 1. Let l(v) = -11*v**2 - v. Determine l(p).
-12
Let z(b) = 16*b - 2 + 9*b - 24*b. Calculate z(1).
-1
Let o = -4 - -6. Suppose 12 = -f + o. Let z be (3 - 2)/(2/f). Let n(w) = -w**3 - 4*w**2 + 5*w + 4. Calculate n(z).
4
Let a(r) be the first derivative of -r**5/60 + 5*r**4/24 - r**3/2 - 3*r**2/2 - 3. Let x(n) be the second derivative of a(n). What is x(6)?
-9
Let j(p) = -p**2 + 3*p. Let d be j(3). Let f(u) = -2 + 5*u + d*u - u - 2*u. Determine f(2).
2
Let f be 14/35*10/2. Let c(h) = 0*h - 3 - h**2 - 5*h + 0*h**f + 0*h**2. Give c(-5).
-3
Let d = 0 - 4. Let m = -2 - d. Let y(v) = 1 - v - 3 + 5. Determine y(m).
1
Let n = -5 - -7. Let a(m) = 6*m + 2. Let i(y) = 13*y + 5. Let q(j) = -7*a(j) + 3*i(j). What is q(n)?
-5
Let g(w) = -4*w**3 - w**2 + 7*w + 1. Let r(l) = 5*l**3 + 2*l**2 - 8*l. Let j(c) = -6*g(c) - 5*r(c). What is j(-4)?
2
Let v(z) = z**2 + 3*z - 2. Let l = -6 + 4. Let q be 2 - (-1 - -4 - l). Give v(q).
-2
Let u(a) = -3*a**2 + 19*a - 28. Let w be u(2). Suppose -1 = f - 3. Let k(r) = -6 + 4 - 1 - 4*r - r**f. Give k(w).
1
Let h = -7 - -12. Suppose 0 = h*j - 2 - 3. Let p(n) = -n + 2. Calculate p(j).
1
Suppose 0 = -5*u - 3*x + 15, 0*u = -3*u - 4*x - 2. Let a(c) = -4*c + 7 - u + 0. Let k = 1 + 0. Calculate a(k).
-3
Suppose 25 = -5*k + 5*x, 2*k - 2*x + 19 = -3*k. Let t be (-4)/(-6) + 2/k. Suppose f - 2 = 4*w, t*w + 2*w - 2 = f. Let s(m) = -m**2 - 6*m - 1. Give s(f).
-1
Suppose 18 = 5*p - p - 3*w, 16 = p + 5*w. Let t(x) = -x**2 + 8*x - 3. What is t(p)?
9
Let a(k) = -k + 6. Suppose 3*y = q - 5*q + 84, -3*y + 5*q + 84 = 0. Suppose 3*g - y = -g. Let d be a(g). Let z(l) = -2*l + 1. What is z(d)?
3
Let h(p) = 6*p**2 - p**3 - 10*p**2 - 181*p + 178*p. Let x = 0 + -4. Give h(x).
12
Let a(c) be the second derivative of -c**3/3 + 8*c. Determine a(1).
-2
Let x(y) be the second derivative of y**3/6 + 5*y**2/2 + y. Determine x(-4).
1
Let v(y) be the second derivative of -y**5/60 - y**4/8 + y**3/6 - y**2 + 10*y. Let x(g) be the first derivative of v(g). Give x(-3).
1
Suppose 4*z = z + 6. Suppose z*f - 1 = f. Let i(y) = -12*y - 9. Let m(v) = 3*v + 2. Let d(p) = -2*i(p) - 9*m(p). What is d(f)?
-3
Let o(l) = -2*l + 2. Let p = -10 - -12. Give o(p).
-2
Let x = 7 - 10. Suppose 0 = -4*w + 5*w + 4. Let f be (-3 - 0)*w/x. Let v(j) = j**3 + 4*j**2 - 3*j - 6. Calculate v(f).
6
Let k(z) = 12 - 2*z - 35 + 10 + 15 - z**2. What is k(-2)?
2
Let t(j) = -5*j - 7. Let b(h) = -11*h - 15. Let z(w) = -6*b(w) + 13*t(w). Let y be (19 - 20)/(1*-1). Determine z(y).
0
Let i = 2 + -6. Let u = i - -5. Let p(g) = 5*g. What is p(u)?
5
Let f(s) = -2*s**3 + 4*s**2 + 2*s + 5. Let k(w) = -1. Let o(t) = -f(t) + 4*k(t). Let l(y) = 2*y**3 - 3*y**2 - 2*y - 8. Let j(v) = 6*l(v) - 5*o(v). Give j(-2).
-7
Let p(g) = -g + 2. Let s = -11 + 12. Let y be s*(-6 + (2 - 1)). Calculate p(y).
7
Let x(o) = o**2 + 2*o - 4. Let y(g) = -g**2 + 4*g + 7. Let b be y(6). Let s(k) = -k**2 - 3*k + 4. Let j(c) = b*x(c) - 4*s(c). Give j(3).
1
Let f(s) = -s**2 - 2*s - 3. Suppose -4*q + 0*q = 0. Let h(r) = -4*r - 9 + 3*r + q*r. Let t be h(-7). Determine f(t).
-3
Let x(k) = -6*k + 17. Let s(l) = -5*l + 16. Let h(o) = -7*s(o) + 6*x(o). Let u be 33/(-6) + (-2)/(-4). Give h(u).
-5
Let w(t) = t - 9. Let o be w(4). Let v(l) = -l**3 - 5*l**2 - l - 7. Give v(o).
-2
Let z = 4/7 + -1/14. Let n(v) be the first derivative of v**3 - 1 + z*v**4 + 3/2*v**2 + 3*v. Determine n(-2).
-7
Let h(s) = 42*s**3 + 4*s**2 + 4 + s - 24*s**3 - 17*s**3. What is h(-4)?
0
Let q(n) = 19*n + 4*n**2 - 37*n - n**3 + 16*n + 0*n**3 + 1. What is q(3)?
4
Let a(b) be the second derivative of -b**5/20 - b**3/6 + b**2 - 12*b. Calculate a(2).
-8
Let a(h) = -4 - h - 8*h + 13*h - 3. Calculate a(5).
13
Let k(c) = c**2 - 5*c - 3. Let z = -3 + 3. Let x be z + 4 - (0 + 1). Calculate k(x).
-9
Let d(x) = x + 2. Let j(q) = 3. Let k(v) = 3*d(v) - 2*j(v). Suppose 1 = -z - 0*z, -4*l + 5*z = -9. Give k(l).
3
Let q(f) = -6*f**2 + 8. Let w(u) = 5*u**2 - u - 7. Let m(d) = 4*q(d) + 5*w(d). Let p be (11/66*10)/((-2)/(-6)). Determine m(p).
-3
Let l(s) = 4*s**2 + 3*s - 7. Let a(o) = o**2 - 1. Let y(m) = 3*a(m) - l(m). Let n = -15 + 21. Let p = 3 - n. What is y(p)?
4
Let y(l) be the second derivative of 0 + l + 7/6*l**3 + 6*l**2. Let x(k) = -10*k - 18. Let j(g) = -5*x(g) - 7*y(g). Calculate j(-5).
1
Suppose 3*n - 38 = -4*i, 8*n - 3*n - 40 = -2*i. Let u(d) = -5 + 3 - d**2 + 4 + n*d. Suppose -r - 15 = -4*r, 2*w + 15 = 5*r. Calculate u(w).
7
Let u(s) = -s**3 - s**2 - s - 8. Suppose -2*c = -4*c. Give u(c).
-8
Let o be (1/3)/(5/30). Let c = o + -6. Let v(x) = -x**3 - 4*x**2 + x - 2. What is v(c)?
-6
Let s(x) = x - 3. Let u = -4 - -8. Let b(h) = h - 5. Let l be b(u). Let f = l + 1. What is s(f)?
-3
Let g(x) be the first derivative of 1/2*x**2 - 4 + x. Determine g(6).
7
Suppose -4 - 4 = 2*x. Let r = 16 + -